28 and m.
4
Let x(m) = -9*m + 34. Let c be x(-40). Let f = 430 - c. Calculate the greatest common divisor of 666 and f.
18
Let f = 21 - -7. Suppose 4*q - 143 = 3*q + y, 0 = 3*y. Let i = -101 + q. What is the highest common factor of f and i?
14
Suppose 0 = 17*i + 37 - 513. Let x = -988 + 1009. Calculate the highest common factor of x and i.
7
Let g = -79 + 81. Let r = 22 + -38. Let j = -2 - r. Calculate the greatest common factor of j and g.
2
Suppose -8408 = -70*h - 1283 + 4635. What is the greatest common factor of 112 and h?
56
Let n(j) = -17*j + 128. Let t be n(6). Suppose 24*m + 72 = t*m. What is the highest common divisor of m and 90?
18
Suppose -2*k = -3*x + 4287, 3*x + k - 2822 - 1465 = 0. Suppose -x*z = -1426*z - 33. Calculate the greatest common factor of z and 11.
11
Let d(o) = -37*o**3 - 4*o - 4. Let m be d(-2). Suppose 4*y - m = -2*y. Let v be 1/(-12)*4*-375. What is the greatest common factor of v and y?
25
Let k(x) = 20 - 3 + 7 + 21 - 5*x. Let b be k(0). Calculate the highest common factor of b and 30.
15
Let m = -18600 - -20625. Calculate the highest common factor of m and 325.
25
Let o be (6 + -2)*2*(-6)/(-4). Suppose 0 = 11*t - 8*t - o. Let l be 5 - 3/4*(-16)/t. What is the highest common factor of 72 and l?
8
Let m(s) be the third derivative of s**6/120 + 3*s**5/20 + 7*s**4/12 - s**3/3 + s**2 - 47*s. Let n be m(-5). What is the highest common factor of n and 154?
14
Let d = 5263 + -5233. What is the greatest common factor of d and 5385?
15
Let b = -1240 - -1362. Calculate the greatest common divisor of b and 1037.
61
Let v(s) = -6*s**2 - 7*s - 4. Let d be v(-6). Let b = d + 180. What is the greatest common factor of b and 2?
2
Let f = -498 - -501. Suppose 0*c = 3*c - 9. Calculate the highest common divisor of f and c.
3
Suppose -2*p + 330 = j, -p - j = 86 - 252. Suppose 2*b - p - 136 = 0. Suppose 10 = -4*k + 210. Calculate the highest common factor of b and k.
50
Suppose -73*h = -77*h + 3*g + 90, 2*g = -4. What is the greatest common divisor of h and 2296?
7
Suppose m = 2*k + 112, -k = -4*k - 12. Let n(s) = s**2 + 735*s - 21221. Let j be n(28). Calculate the greatest common factor of m and j.
13
Let b be 174/(-4)*(-18 + 0). Let w(r) = r**3 - 5*r**2 - 145*r + 77. Let v be w(-10). What is the greatest common factor of b and v?
27
Let n = -38 + 78. Let z = -26 + n. Suppose -d = 3*d - 84. What is the greatest common factor of d and z?
7
Let r = 214 + -210. Let k be 3/12 + r + 441/12. Calculate the greatest common factor of 820 and k.
41
Let w = 2 + 8. Let h = -15 + w. Let p be (-2)/((-12)/(-57)*h/90). Calculate the greatest common divisor of 19 and p.
19
Let s be (60/(-5))/(2/(-25)). Suppose 0 = -2*o + 4*d - 240, -3*o = 2*o - 3*d + 635. Let j = s + o. Calculate the highest common factor of j and 50.
10
Suppose 0 = 148*f + 71*f - 1286625. Calculate the highest common factor of 141 and f.
47
Let m = 3684 - 2320. What is the greatest common divisor of 132 and m?
44
Let g(a) = -1222*a - 1378. Let d be g(-3). Calculate the greatest common factor of 429 and d.
143
Suppose 2*z + 5*z - 504 = 0. Let i be (-1)/(14/z)*-21. Calculate the highest common divisor of 144 and i.
36
Suppose 4*f + 182*s - 178*s - 296 = 0, 4*f - s - 306 = 0. Calculate the highest common divisor of f and 988.
76
Let a be 4 + 3 + 2 + -6. Suppose -l = -a*r - 3 + 16, 2*r - 2 = -l. What is the highest common divisor of 8 and r?
1
Let r = -34 - -99. Suppose 27*h + 2620 = -1835. Let u be h/22*26/(-5). Calculate the greatest common factor of r and u.
13
Suppose -5 = -0*w - w. Suppose 1785 - 138 = -3*f + 4*i, -4*i - 1647 = 3*f. Let a be f/(-12) - (-51)/(-68). What is the greatest common divisor of a and w?
5
Let i be (15 + -9)*(-50)/(-4). Let p(u) = -u - 5. Let k be p(-6). Suppose 11 = 2*x + k, -2*h - 3*x + 45 = 0. Calculate the highest common factor of i and h.
15
Suppose -35 + 5 = 6*d. Let g be (-2)/d - (-944)/40. What is the highest common factor of 88 and g?
8
Let f be 124/8 - (-9)/(-18). Calculate the highest common factor of 2850 and f.
15
Let n be (-646)/(-57) + (-4)/3. Suppose 5 = -n*d + 5. Suppose -3*w + 115 + 65 = d. What is the highest common factor of w and 12?
12
Suppose -89*c = -436125 + 154974. What is the highest common factor of 117 and c?
117
Suppose 6*q = w + 3*q - 177, 2*w - 329 = q. Suppose -28*c + 32*c - 72 = 0. Calculate the highest common factor of w and c.
18
Let v be 12 - (7/21 + -2 + 56/21). What is the greatest common factor of v and 15070?
11
Suppose 7*k - 20 = 3*k. Suppose -7*d = -2*x - k*d + 246, 3*d = -x + 111. Calculate the greatest common divisor of 3 and x.
3
Let v(z) = z**3 - z**2 - 2*z. Let w be v(4). Let c = -4266 + 4294. Let i = w - c. What is the highest common divisor of i and 96?
12
Let r = -192 - -570. Let d be -3*(10 - (-16 - -44)). What is the highest common divisor of r and d?
54
Suppose 26*g - 461 = -77*g + 7779. Calculate the greatest common factor of 40 and g.
40
Suppose -201*f + 203*f - 3462 = 0. Suppose 7*s = f + 40. What is the greatest common divisor of 23 and s?
23
Let y = 3899 - 2891. Calculate the greatest common factor of y and 18.
18
Suppose -7417 + 32217 = 8*p. Suppose 9*d - 29*d = -p. What is the highest common factor of d and 124?
31
Suppose 2*w - 4*z = 528 + 708, w + 4*z = 600. Suppose 28*b + 512 - 736 = 0. Suppose w = a + b*a. What is the highest common divisor of 17 and a?
17
Suppose 148 - 32 = -a. Suppose -10*s + 367 = 27 - 1170. Let n = a + s. Calculate the greatest common divisor of 35 and n.
35
Let z be (90/(-8))/(1615/(-80) - -20). Calculate the highest common factor of z and 315.
15
Let i be 42/(-46) - -1 - 110556/(-851). Let j = -80 - -55. Let z = 51 + j. What is the greatest common factor of i and z?
26
Suppose y - 6377 = -6*y. Let j = -791 + y. Calculate the greatest common divisor of 280 and j.
40
Let r be 56/30 + 14/105. Let u be (-768)/(-18) - r/3. Suppose -3*q + 13 = -s, 0 = -3*q - s + 30 - 7. What is the highest common factor of q and u?
6
Suppose -73*b - 2*p + 502 = -68*b, -3*p + 396 = 4*b. What is the greatest common factor of 186 and b?
6
Let s(t) = -7*t**2 - 71*t + 1. Let f be s(-10). Calculate the highest common factor of f and 7601.
11
Let n = 42493 - 42388. Let z = 8 - 3. Let c be (z/4)/((-5)/(-60)). Calculate the highest common factor of c and n.
15
Let z = 25597 - 25357. What is the greatest common factor of z and 7860?
60
Let y(v) = 9*v**2 - 22*v + 12. Let k be y(5). Suppose k = n - 107. What is the greatest common divisor of n and 39?
39
Let u(w) = 3*w**2 - 7*w - 7. Let o be u(4). Suppose 6*s = o*s - 2520. What is the greatest common factor of 40 and s?
40
Suppose -16 = -2*k + 174. Let c be k/30 + (-2)/12. Let b be (c - 0 - 6)*-3. What is the greatest common divisor of 3 and b?
3
Suppose -298*f = 17*f - 1890. Suppose 0*u = -2*u + 204. What is the highest common divisor of f and u?
6
Let y(x) = 246*x + 2360. Let w be y(-6). What is the highest common factor of 52 and w?
52
Let q be (4 - (-136)/(-36)) + 2136/108. Let m be 250*((-21)/(-27) + 10/45). What is the greatest common factor of m and q?
10
Let h = 1228 + -803. Let m = -257 + h. Calculate the highest common divisor of 56 and m.
56
Suppose 781667 = 85*s - 897423. Calculate the greatest common factor of 332 and s.
166
Suppose 21 = -155*n + 154*n. Let y(h) = h**2 + 4*h + 67. Let c be y(n). What is the greatest common factor of 53 and c?
53
Suppose -2135 = -4*z + 7*z - 38*z. Suppose 0 = -3*x + x + 976. What is the highest common divisor of z and x?
61
Suppose 10 + 68 = 26*f. Suppose -6*n + 12 = -9*n, 0 = f*s + 3*n - 108. What is the greatest common factor of s and 130?
10
Suppose 2758 - 3748 = -5*v. Calculate the greatest common factor of v and 44.
22
Let f = 26 - 16. Let b be (-4)/6*-1*96855/(-110). Let c = 592 + b. Calculate the greatest common factor of f and c.
5
Let g(f) = f**3 - 2*f**2 - 5*f - 1. Let l be g(5). Let p = 284 - 467. Let d = 197 + p. Calculate the highest common factor of d and l.
7
Let m(s) = s**3 + 69*s**2 + 67*s + 60. Let v be m(-68). Calculate the greatest common divisor of v and 608.
32
Let x = 266 - 262. Let s(o) = -o**3 + 3*o**2 + 11*o - 8. Let y be s(x). Calculate the highest common divisor of y and 20.
20
Let j be 57/(-7) - 4/(-28)*1. Let m(s) = 3*s + 33. Let l be m(j). Let d be (54/(-4))/3*-2. What is 